{"id":375,"date":"2023-03-22T23:58:44","date_gmt":"2023-03-22T23:58:44","guid":{"rendered":"https:\/\/fmujeresprogresistas.org\/enraizadas\/?page_id=375"},"modified":"2024-06-19T10:04:49","modified_gmt":"2024-06-19T10:04:49","slug":"proyectos-piloto","status":"publish","type":"page","link":"https:\/\/fmujeresprogresistas.org\/enraizadas\/proyectos-piloto\/","title":{"rendered":"Proyectos piloto"},"content":{"rendered":"<figure class=\"wp-block-post-featured-image\"><img loading=\"lazy\" decoding=\"async\" width=\"1366\" height=\"477\" src=\"https:\/\/fmujeresprogresistas.org\/enraizadas\/wp-content\/uploads\/2023\/04\/faldon-arriba-secciones9.jpg\" class=\"attachment-post-thumbnail size-post-thumbnail wp-post-image\" alt=\"Mujer y Medio Rural\" style=\"object-fit:cover;\" srcset=\"https:\/\/fmujeresprogresistas.org\/enraizadas\/wp-content\/uploads\/2023\/04\/faldon-arriba-secciones9.jpg 1366w, https:\/\/fmujeresprogresistas.org\/enraizadas\/wp-content\/uploads\/2023\/04\/faldon-arriba-secciones9-300x105.jpg 300w, https:\/\/fmujeresprogresistas.org\/enraizadas\/wp-content\/uploads\/2023\/04\/faldon-arriba-secciones9-1024x358.jpg 1024w, https:\/\/fmujeresprogresistas.org\/enraizadas\/wp-content\/uploads\/2023\/04\/faldon-arriba-secciones9-768x268.jpg 768w\" sizes=\"auto, (max-width: 1366px) 100vw, 1366px\" \/><\/figure>\n\n\n<div style=\"height:51px\" aria-hidden=\"true\" class=\"wp-block-spacer\"><\/div>\n\n\n\n<h2 class=\"wp-block-heading has-text-align-center\"><mark style=\"background-color:rgba(0, 0, 0, 0)\" class=\"has-inline-color has-neve-link-color-color\">Proyectos Piloto<\/mark><\/h2>\n\n\n\n<p>Facilitamos un proceso participativo de detecci\u00f3n de necesidades espec\u00edficas de las mujeres que residen en un entorno rural concreto y de desarrollo de actividades para enriquecer y fortalecer la respuesta coordinada de los recursos y servicios disponibles.<\/p>\n\n\n\n<p>Desarrollamos estos proyectos piloto en tres entornos diferentes a trav\u00e9s de estas fases:&nbsp;<\/p>\n\n\n\n<ul class=\"wp-block-list\">\n<li>Desarrollo de un proceso participativo de detecci\u00f3n de necesidades espec\u00edficas en el entorno concreto.<\/li>\n<\/ul>\n\n\n\n<ul class=\"wp-block-list\">\n<li>Dise\u00f1o e implantaci\u00f3n de actividades que permitan dar respuesta a las necesidades detectadas. Estas acciones se centrar\u00e1n en:<\/li>\n<\/ul>\n\n\n\n<p>                       \u00b7 Sensibilizaci\u00f3n e Informaci\u00f3n<\/p>\n\n\n\n<p>                        \u00b7 Formaci\u00f3n<\/p>\n\n\n\n<p>                        \u00b7 Acompa\u00f1amiento a agentes del entorno y a las propias mujeres<\/p>\n\n\n\n<ul class=\"wp-block-list\">\n<li>Redacci\u00f3n y difusi\u00f3n de un informe de conclusiones del proyecto piloto.  <\/li>\n<\/ul>\n\n\n\n<p><strong><a href=\"https:\/\/fmujeresprogresistas.org\/enraizadas\/proyecto-piloto-siguenza\/\">PRIMER PROYECTO PILOTO <\/a><\/strong><\/p>\n\n\n\n<p>En el mes de abril se ha materializado la firma del primer proyecto piloto de ENRAIZADAS con el&nbsp;Centro de la Mujer de Sig\u00fcenza (Guadalajara), que da respuesta a m\u00e1s de 60 municipios&nbsp;enmarcados en una de las zonas&nbsp;rurales&nbsp;m\u00e1s despobladas de Espa\u00f1a.&nbsp;<\/p>\n\n\n\n<p><a href=\"https:\/\/fmujeresprogresistas.org\/enraizadas\/proyecto-piloto-siguenza\/\">+INFO<\/a><\/p>\n\n\n\n<p><a href=\"https:\/\/fmujeresprogresistas.org\/enraizadas\/proyecto-piloto-herreruela\/\"><strong>SEGUNDO PROYECTO PILOTO<\/strong><\/a><\/p>\n\n\n\n<p>En el mes de mayo ha arrancado el segundo proyecto piloto de ENRAIZADAS con el Ayuntamiento de Herreruela (C\u00e1ceres). <\/p>\n\n\n\n<p><a href=\"https:\/\/fmujeresprogresistas.org\/enraizadas\/proyecto-piloto-herreruela\/\">+INFO<\/a><\/p>\n\n\n\n<p><a href=\"https:\/\/fmujeresprogresistas.org\/enraizadas\/proyecto-piloto-gelves\/\"><strong>TERCER PORYECTO PILOTO<\/strong><\/a><\/p>\n\n\n\n<p>En el mes de septiembre hemos firmado el acuerdo de colaboraci\u00f3n con el municipio sevillano de Gelves, a trav\u00e9s de la Asociaci\u00f3n de Mujeres Fibrogelduba.<\/p>\n\n\n\n<p><a href=\"https:\/\/fmujeresprogresistas.org\/enraizadas\/proyecto-piloto-gelves\/\">+INFO<\/a><\/p>\n\n\n\n<p>Las tres experiencias\u00a0de colaboraci\u00f3n y\u00a0participaci\u00f3n con estos municipios rurales buscan\u00a0fortalecer el acceso de las mujeres a los recursos disponibles en su entorno.\u00a0Aqu\u00ed est\u00e1 ya disponible tambi\u00e9n el <strong><a href=\"https:\/\/fmujeresprogresistas.org\/enraizadas\/wp-content\/uploads\/2023\/12\/Conclusiones-y-Buenas-practicas-Proyectos-Piloto-Enraizadas.pdf\">INFORME DE CONCLUSIONES Y BUENAS PR\u00c1CTICAS DE LOS PROYECTOS PILOTO <\/a><\/strong><\/p>\n\n\n<div class=\"wp-block-image\">\n<figure class=\"aligncenter size-large\"><a class=\"https:\/\/fmujeresprogresistas.org\/enraizadas\/wp-content\/uploads\/2023\/12\/Conclusiones-y-Buenas-practicas-Proyectos-Piloto-Enraizadas.pdf\" href=\"https:\/\/fmujeresprogresistas.org\/enraizadas\/wp-content\/uploads\/2023\/12\/Conclusiones-y-Buenas-practicas-Proyectos-Piloto-Enraizadas.pdf\" rel=\"https:\/\/fmujeresprogresistas.org\/enraizadas\/wp-content\/uploads\/2023\/12\/Conclusiones-y-Buenas-practicas-Proyectos-Piloto-Enraizadas.pdf\"><img loading=\"lazy\" decoding=\"async\" width=\"717\" height=\"1024\" src=\"https:\/\/fmujeresprogresistas.org\/enraizadas\/wp-content\/uploads\/2023\/12\/Conclusiones-y-Buenas-practicas-Proyectos-Piloto-Enraizadas-717x1024.png\" alt=\"\" class=\"wp-image-1097\" srcset=\"https:\/\/fmujeresprogresistas.org\/enraizadas\/wp-content\/uploads\/2023\/12\/Conclusiones-y-Buenas-practicas-Proyectos-Piloto-Enraizadas-717x1024.png 717w, https:\/\/fmujeresprogresistas.org\/enraizadas\/wp-content\/uploads\/2023\/12\/Conclusiones-y-Buenas-practicas-Proyectos-Piloto-Enraizadas-210x300.png 210w, https:\/\/fmujeresprogresistas.org\/enraizadas\/wp-content\/uploads\/2023\/12\/Conclusiones-y-Buenas-practicas-Proyectos-Piloto-Enraizadas-768x1097.png 768w, https:\/\/fmujeresprogresistas.org\/enraizadas\/wp-content\/uploads\/2023\/12\/Conclusiones-y-Buenas-practicas-Proyectos-Piloto-Enraizadas.png 1033w\" sizes=\"auto, (max-width: 717px) 100vw, 717px\" \/><\/a><\/figure>\n<\/div>","protected":false},"excerpt":{"rendered":"<p>Proyectos Piloto Facilitamos un proceso participativo de detecci\u00f3n de necesidades espec\u00edficas de las mujeres que residen en un entorno rural concreto y de desarrollo de actividades para enriquecer y fortalecer la respuesta coordinada de los recursos y servicios disponibles. Desarrollamos estos proyectos piloto en tres entornos diferentes a trav\u00e9s de estas fases:&nbsp; \u00b7 Sensibilizaci\u00f3n e&hellip;&nbsp;<a href=\"https:\/\/fmujeresprogresistas.org\/enraizadas\/proyectos-piloto\/\" rel=\"bookmark\">Leer m\u00e1s &raquo;<span class=\"screen-reader-text\">Proyectos piloto<\/span><\/a><\/p>\n","protected":false},"author":1,"featured_media":666,"parent":0,"menu_order":0,"comment_status":"closed","ping_status":"closed","template":"","meta":{"neve_meta_sidebar":"","neve_meta_container":"","neve_meta_enable_content_width":"","neve_meta_content_width":0,"neve_meta_title_alignment":"","neve_meta_author_avatar":"","neve_post_elements_order":"","neve_meta_disable_header":"","neve_meta_disable_footer":"","neve_meta_disable_title":"on","neve_meta_reading_time":"","_themeisle_gutenberg_block_has_review":false,"_ti_tpc_template_sync":false,"_ti_tpc_template_id":"","footnotes":""},"class_list":["post-375","page","type-page","status-publish","has-post-thumbnail","hentry"],"_links":{"self":[{"href":"https:\/\/fmujeresprogresistas.org\/enraizadas\/wp-json\/wp\/v2\/pages\/375","targetHints":{"allow":["GET"]}}],"collection":[{"href":"https:\/\/fmujeresprogresistas.org\/enraizadas\/wp-json\/wp\/v2\/pages"}],"about":[{"href":"https:\/\/fmujeresprogresistas.org\/enraizadas\/wp-json\/wp\/v2\/types\/page"}],"author":[{"embeddable":true,"href":"https:\/\/fmujeresprogresistas.org\/enraizadas\/wp-json\/wp\/v2\/users\/1"}],"replies":[{"embeddable":true,"href":"https:\/\/fmujeresprogresistas.org\/enraizadas\/wp-json\/wp\/v2\/comments?post=375"}],"version-history":[{"count":17,"href":"https:\/\/fmujeresprogresistas.org\/enraizadas\/wp-json\/wp\/v2\/pages\/375\/revisions"}],"predecessor-version":[{"id":1121,"href":"https:\/\/fmujeresprogresistas.org\/enraizadas\/wp-json\/wp\/v2\/pages\/375\/revisions\/1121"}],"wp:featuredmedia":[{"embeddable":true,"href":"https:\/\/fmujeresprogresistas.org\/enraizadas\/wp-json\/wp\/v2\/media\/666"}],"wp:attachment":[{"href":"https:\/\/fmujeresprogresistas.org\/enraizadas\/wp-json\/wp\/v2\/media?parent=375"}],"curies":[{"name":"wp","href":"https:\/\/api.w.org\/{rel}","templated":true}]}}

<figure class="wp-block-post-featured-image"><img loading="lazy" decoding="async" width="1366" height="477" src="https://fmujeresprogresistas.org/enraizadas/wp-content/uploads/2023/04/faldon-arriba-secciones9.jpg" class="attachment-post-thumbnail size-post-thumbnail wp-post-image" alt="Mujer y Medio Rural" style="object-fit:cover;" srcset="https://fmujeresprogresistas.org/enraizadas/wp-content/uploads/2023/04/faldon-arriba-secciones9.jpg 1366w, https://fmujeresprogresistas.org/enraizadas/wp-content/uploads/2023/04/faldon-arriba-secciones9-300x105.jpg 300w, https://fmujeresprogresistas.org/enraizadas/wp-content/uploads/2023/04/faldon-arriba-secciones9-1024x358.jpg 1024w, https://fmujeresprogresistas.org/enraizadas/wp-content/uploads/2023/04/faldon-arriba-secciones9-768x268.jpg 768w" sizes="auto, (max-width: 1366px) 100vw, 1366px" /></figure>


<div style="height:51px" aria-hidden="true" class="wp-block-spacer"></div>



<h2 class="wp-block-heading has-text-align-center"><mark style="background-color:rgba(0, 0, 0, 0)" class="has-inline-color has-neve-link-color-color">Proyectos Piloto</mark></h2>



<p>Facilitamos un proceso participativo de detección de necesidades específicas de las mujeres que residen en un entorno rural concreto y de desarrollo de actividades para enriquecer y fortalecer la respuesta coordinada de los recursos y servicios disponibles.</p>



<p>Desarrollamos estos proyectos piloto en tres entornos diferentes a través de estas fases:&nbsp;</p>



<ul class="wp-block-list">
<li>Desarrollo de un proceso participativo de detección de necesidades específicas en el entorno concreto.</li>
</ul>



<ul class="wp-block-list">
<li>Diseño e implantación de actividades que permitan dar respuesta a las necesidades detectadas. Estas acciones se centrarán en:</li>
</ul>



<p>                       · Sensibilización e Información</p>



<p>                        · Formación</p>



<p>                        · Acompañamiento a agentes del entorno y a las propias mujeres</p>



<ul class="wp-block-list">
<li>Redacción y difusión de un informe de conclusiones del proyecto piloto.  </li>
</ul>



<p><strong><a href="https://fmujeresprogresistas.org/enraizadas/proyecto-piloto-siguenza/">PRIMER PROYECTO PILOTO </a></strong></p>



<p>En el mes de abril se ha materializado la firma del primer proyecto piloto de ENRAIZADAS con el&nbsp;Centro de la Mujer de Sigüenza (Guadalajara), que da respuesta a más de 60 municipios&nbsp;enmarcados en una de las zonas&nbsp;rurales&nbsp;más despobladas de España.&nbsp;</p>



<p><a href="https://fmujeresprogresistas.org/enraizadas/proyecto-piloto-siguenza/">+INFO</a></p>



<p><a href="https://fmujeresprogresistas.org/enraizadas/proyecto-piloto-herreruela/"><strong>SEGUNDO PROYECTO PILOTO</strong></a></p>



<p>En el mes de mayo ha arrancado el segundo proyecto piloto de ENRAIZADAS con el Ayuntamiento de Herreruela (Cáceres). </p>



<p><a href="https://fmujeresprogresistas.org/enraizadas/proyecto-piloto-herreruela/">+INFO</a></p>



<p><a href="https://fmujeresprogresistas.org/enraizadas/proyecto-piloto-gelves/"><strong>TERCER PORYECTO PILOTO</strong></a></p>



<p>En el mes de septiembre hemos firmado el acuerdo de colaboración con el municipio sevillano de Gelves, a través de la Asociación de Mujeres Fibrogelduba.</p>



<p><a href="https://fmujeresprogresistas.org/enraizadas/proyecto-piloto-gelves/">+INFO</a></p>



<p>Las tres experiencias de colaboración y participación con estos municipios rurales buscan fortalecer el acceso de las mujeres a los recursos disponibles en su entorno. Aquí está ya disponible también el <strong><a href="https://fmujeresprogresistas.org/enraizadas/wp-content/uploads/2023/12/Conclusiones-y-Buenas-practicas-Proyectos-Piloto-Enraizadas.pdf">INFORME DE CONCLUSIONES Y BUENAS PRÁCTICAS DE LOS PROYECTOS PILOTO </a></strong></p>


<div class="wp-block-image">
<figure class="aligncenter size-large"><a class="https://fmujeresprogresistas.org/enraizadas/wp-content/uploads/2023/12/Conclusiones-y-Buenas-practicas-Proyectos-Piloto-Enraizadas.pdf" href="https://fmujeresprogresistas.org/enraizadas/wp-content/uploads/2023/12/Conclusiones-y-Buenas-practicas-Proyectos-Piloto-Enraizadas.pdf" rel="https://fmujeresprogresistas.org/enraizadas/wp-content/uploads/2023/12/Conclusiones-y-Buenas-practicas-Proyectos-Piloto-Enraizadas.pdf"><img loading="lazy" decoding="async" width="717" height="1024" src="https://fmujeresprogresistas.org/enraizadas/wp-content/uploads/2023/12/Conclusiones-y-Buenas-practicas-Proyectos-Piloto-Enraizadas-717x1024.png" alt="" class="wp-image-1097" srcset="https://fmujeresprogresistas.org/enraizadas/wp-content/uploads/2023/12/Conclusiones-y-Buenas-practicas-Proyectos-Piloto-Enraizadas-717x1024.png 717w, https://fmujeresprogresistas.org/enraizadas/wp-content/uploads/2023/12/Conclusiones-y-Buenas-practicas-Proyectos-Piloto-Enraizadas-210x300.png 210w, https://fmujeresprogresistas.org/enraizadas/wp-content/uploads/2023/12/Conclusiones-y-Buenas-practicas-Proyectos-Piloto-Enraizadas-768x1097.png 768w, https://fmujeresprogresistas.org/enraizadas/wp-content/uploads/2023/12/Conclusiones-y-Buenas-practicas-Proyectos-Piloto-Enraizadas.png 1033w" sizes="auto, (max-width: 717px) 100vw, 717px" /></a></figure>
</div>

<p>Proyectos Piloto Facilitamos un proceso participativo de detección de necesidades específicas de las mujeres que residen en un entorno rural concreto y de desarrollo de actividades para enriquecer y fortalecer la respuesta coordinada de los recursos y servicios disponibles. Desarrollamos estos proyectos piloto en tres entornos diferentes a través de estas fases:&nbsp; · Sensibilización e&hellip;&nbsp;<a href="https://fmujeresprogresistas.org/enraizadas/proyectos-piloto/" rel="bookmark">Leer más &raquo;<span class="screen-reader-text">Proyectos piloto</span></a></p>
