{"id":373,"date":"2023-03-22T23:57:52","date_gmt":"2023-03-22T23:57:52","guid":{"rendered":"https:\/\/fmujeresprogresistas.org\/enraizadas\/?page_id=373"},"modified":"2023-12-18T14:44:48","modified_gmt":"2023-12-18T14:44:48","slug":"diagnostico","status":"publish","type":"page","link":"https:\/\/fmujeresprogresistas.org\/enraizadas\/diagnostico\/","title":{"rendered":"Diagn\u00f3stico"},"content":{"rendered":"<figure class=\"wp-block-post-featured-image\"><img loading=\"lazy\" decoding=\"async\" width=\"1366\" height=\"477\" src=\"https:\/\/fmujeresprogresistas.org\/enraizadas\/wp-content\/uploads\/2023\/04\/faldon-arriba-secciones5.jpg\" class=\"attachment-post-thumbnail size-post-thumbnail wp-post-image\" alt=\"\" style=\"object-fit:cover;\" srcset=\"https:\/\/fmujeresprogresistas.org\/enraizadas\/wp-content\/uploads\/2023\/04\/faldon-arriba-secciones5.jpg 1366w, https:\/\/fmujeresprogresistas.org\/enraizadas\/wp-content\/uploads\/2023\/04\/faldon-arriba-secciones5-300x105.jpg 300w, https:\/\/fmujeresprogresistas.org\/enraizadas\/wp-content\/uploads\/2023\/04\/faldon-arriba-secciones5-1024x358.jpg 1024w, https:\/\/fmujeresprogresistas.org\/enraizadas\/wp-content\/uploads\/2023\/04\/faldon-arriba-secciones5-768x268.jpg 768w\" sizes=\"auto, (max-width: 1366px) 100vw, 1366px\" \/><\/figure>\n\n\n<div style=\"height:40px\" aria-hidden=\"true\" class=\"wp-block-spacer\"><\/div>\n\n\n\n<h2 class=\"wp-block-heading has-text-align-center\"><mark style=\"background-color:rgba(0, 0, 0, 0)\" class=\"has-inline-color has-neve-link-color-color\">Diagn\u00f3stico<\/mark><\/h2>\n\n\n\n<div style=\"height:47px\" aria-hidden=\"true\" class=\"wp-block-spacer\"><\/div>\n\n\n\n<p>Investigamos las diferentes necesidades de las mujeres que residen en el entorno rural y la respuesta que se les da desde los diferentes recursos y servicios disponibles, a trav\u00e9s de la realizaci\u00f3n de un informe diagn\u00f3stico. Esta actividad cuenta con las siguientes fases:<\/p>\n\n\n\n<ul class=\"wp-block-list\">\n<li>Una aproximaci\u00f3n te\u00f3rica a la realidad de la situaci\u00f3n de las mujeres en el medio rural.<\/li>\n\n\n\n<li>La elaboraci\u00f3n de un mapa de recursos y entidades del medio rural que permitan el contacto con informantes clave para el desarrollo del estudio.<\/li>\n\n\n\n<li>Dise\u00f1o de herramientas y desarrollo de las siguientes t\u00e9cnicas de investigaci\u00f3n social:<\/li>\n<\/ul>\n\n\n\n<div class=\"wp-block-group is-content-justification-center is-nowrap is-layout-flex wp-container-core-group-is-layout-94bc23d7 wp-block-group-is-layout-flex\">\n<div class=\"wp-block-group is-vertical is-layout-flex wp-container-core-group-is-layout-8cf370e7 wp-block-group-is-layout-flex\">\n<p>                          \u00b7 <a href=\"https:\/\/fmujeresprogresistas.org\/enraizadas\/entrevistas-en-profundidad\/\" target=\"_blank\" rel=\"noreferrer noopener\">Entrevistas en profundidad<\/a><\/p>\n\n\n\n<p>                          \u00b7 <a href=\"https:\/\/fmujeresprogresistas.org\/enraizadas\/grupos-de-discusion-focus-group-y-grupos-de-trabajo\/\">Grupos de discusi\u00f3n, Focus Group y grupos de trabajo<\/a><\/p>\n\n\n\n<p>                          \u00b7<strong> <a href=\"https:\/\/fmujeresprogresistas.org\/enraizadas\/resultados-consulta-participativa\/\">CONSULTA ONLINE <\/a><\/strong><\/p>\n<\/div>\n<\/div>\n\n\n\n<ul class=\"wp-block-list\">\n<li>Redacci\u00f3n del <strong><a href=\"https:\/\/bit.ly\/46Aqq0s\">INFORME<\/a><\/strong> final y difusi\u00f3n de \u00e9ste.<\/li>\n<\/ul>\n\n\n<div class=\"wp-block-image\">\n<figure class=\"aligncenter size-large\"><img loading=\"lazy\" decoding=\"async\" width=\"1024\" height=\"576\" src=\"https:\/\/fmujeresprogresistas.org\/enraizadas\/wp-content\/uploads\/2023\/12\/Difusion-ESTUDIO-1024x576.gif\" alt=\"\" class=\"wp-image-1101\" srcset=\"https:\/\/fmujeresprogresistas.org\/enraizadas\/wp-content\/uploads\/2023\/12\/Difusion-ESTUDIO-1024x576.gif 1024w, https:\/\/fmujeresprogresistas.org\/enraizadas\/wp-content\/uploads\/2023\/12\/Difusion-ESTUDIO-300x169.gif 300w, https:\/\/fmujeresprogresistas.org\/enraizadas\/wp-content\/uploads\/2023\/12\/Difusion-ESTUDIO-768x432.gif 768w, https:\/\/fmujeresprogresistas.org\/enraizadas\/wp-content\/uploads\/2023\/12\/Difusion-ESTUDIO-1536x864.gif 1536w\" sizes=\"auto, (max-width: 1024px) 100vw, 1024px\" \/><\/figure>\n<\/div>","protected":false},"excerpt":{"rendered":"<p>Diagn\u00f3stico Investigamos las diferentes necesidades de las mujeres que residen en el entorno rural y la respuesta que se les da desde los diferentes recursos y servicios disponibles, a trav\u00e9s de la realizaci\u00f3n de un informe diagn\u00f3stico. Esta actividad cuenta con las siguientes fases: \u00b7 Entrevistas en profundidad \u00b7 Grupos de discusi\u00f3n, Focus Group y&hellip;&nbsp;<a href=\"https:\/\/fmujeresprogresistas.org\/enraizadas\/diagnostico\/\" rel=\"bookmark\">Leer m\u00e1s &raquo;<span class=\"screen-reader-text\">Diagn\u00f3stico<\/span><\/a><\/p>\n","protected":false},"author":1,"featured_media":581,"parent":0,"menu_order":0,"comment_status":"closed","ping_status":"closed","template":"","meta":{"neve_meta_sidebar":"","neve_meta_container":"","neve_meta_enable_content_width":"","neve_meta_content_width":0,"neve_meta_title_alignment":"","neve_meta_author_avatar":"","neve_post_elements_order":"","neve_meta_disable_header":"","neve_meta_disable_footer":"","neve_meta_disable_title":"on","neve_meta_reading_time":"","_themeisle_gutenberg_block_has_review":false,"_ti_tpc_template_sync":false,"_ti_tpc_template_id":"","footnotes":""},"class_list":["post-373","page","type-page","status-publish","has-post-thumbnail","hentry"],"_links":{"self":[{"href":"https:\/\/fmujeresprogresistas.org\/enraizadas\/wp-json\/wp\/v2\/pages\/373","targetHints":{"allow":["GET"]}}],"collection":[{"href":"https:\/\/fmujeresprogresistas.org\/enraizadas\/wp-json\/wp\/v2\/pages"}],"about":[{"href":"https:\/\/fmujeresprogresistas.org\/enraizadas\/wp-json\/wp\/v2\/types\/page"}],"author":[{"embeddable":true,"href":"https:\/\/fmujeresprogresistas.org\/enraizadas\/wp-json\/wp\/v2\/users\/1"}],"replies":[{"embeddable":true,"href":"https:\/\/fmujeresprogresistas.org\/enraizadas\/wp-json\/wp\/v2\/comments?post=373"}],"version-history":[{"count":19,"href":"https:\/\/fmujeresprogresistas.org\/enraizadas\/wp-json\/wp\/v2\/pages\/373\/revisions"}],"predecessor-version":[{"id":1102,"href":"https:\/\/fmujeresprogresistas.org\/enraizadas\/wp-json\/wp\/v2\/pages\/373\/revisions\/1102"}],"wp:featuredmedia":[{"embeddable":true,"href":"https:\/\/fmujeresprogresistas.org\/enraizadas\/wp-json\/wp\/v2\/media\/581"}],"wp:attachment":[{"href":"https:\/\/fmujeresprogresistas.org\/enraizadas\/wp-json\/wp\/v2\/media?parent=373"}],"curies":[{"name":"wp","href":"https:\/\/api.w.org\/{rel}","templated":true}]}}